{"id":252,"date":"2024-07-29T14:29:32","date_gmt":"2024-07-29T14:29:32","guid":{"rendered":"https:\/\/of-sunshine-tollers.de\/?page_id=252"},"modified":"2024-12-22T14:15:10","modified_gmt":"2024-12-22T14:15:10","slug":"be-yourself-taavi-of-sunshine-tollers","status":"publish","type":"page","link":"https:\/\/of-sunshine-tollers.de\/?page_id=252","title":{"rendered":"Be yourself Taavi of Sunshine Tollers"},"content":{"rendered":"\n<figure class=\"wp-block-image aligncenter size-full is-resized\"><img loading=\"lazy\" decoding=\"async\" width=\"500\" height=\"625\" src=\"https:\/\/of-sunshine-tollers.de\/wp-content\/uploads\/2024\/07\/2-Deckrueden.jpg\" alt=\"\" class=\"wp-image-253\" style=\"width:420px;height:auto\" srcset=\"https:\/\/of-sunshine-tollers.de\/wp-content\/uploads\/2024\/07\/2-Deckrueden.jpg 500w, https:\/\/of-sunshine-tollers.de\/wp-content\/uploads\/2024\/07\/2-Deckrueden-240x300.jpg 240w\" sizes=\"auto, (max-width: 500px) 100vw, 500px\" \/><\/figure>\n\n\n\n<p class=\"has-text-align-center\"><strong>Fakten:<\/strong><\/p>\n\n\n\n<p class=\"has-text-align-center\">Geburtstag: 01.04.2019<\/p>\n\n\n\n<p class=\"has-text-align-center\">Zuchtbuchnummer: DRC-T 19-1506<\/p>\n\n\n\n<p class=\"has-text-align-center\">Stammbaum: <a href=\"https:\/\/nsdtr.breedarchive.com\/animal\/view\/be-yourself-taavi-of-sunshine-tollers-22832cfe-399a-4693-99b2-cf316c65cb08\">breed archive<\/a><\/p>\n\n\n\n<p class=\"has-text-align-center\">Gr\u00f6\u00dfe: 53 cm<\/p>\n\n\n\n<p class=\"has-text-align-center\">Gewicht: 20 kg<\/p>\n\n\n\n<p class=\"has-text-align-center\">H\u00fcfte: A2\/A2<\/p>\n\n\n\n<p class=\"has-text-align-center\">Ellbogen: frei\/frei<\/p>\n\n\n\n<p class=\"has-text-align-center\">Augen: RD: frei, PRA:frei, HC frei<\/p>\n\n\n\n<p class=\"has-text-align-center\">Gentest: prcd-PRA frei, DM frei, CEA CH frei, JADD frei, DEN frei<\/p>\n\n\n\n<p class=\"has-text-align-center\">Zuchtzulassung am 25.11.2021<strong><\/strong><\/p>\n\n\n\n<figure class=\"wp-block-image aligncenter size-full\"><img loading=\"lazy\" decoding=\"async\" width=\"500\" height=\"625\" src=\"https:\/\/of-sunshine-tollers.de\/wp-content\/uploads\/2024\/07\/3-Deckrueden.jpg\" alt=\"\" class=\"wp-image-254\" srcset=\"https:\/\/of-sunshine-tollers.de\/wp-content\/uploads\/2024\/07\/3-Deckrueden.jpg 500w, https:\/\/of-sunshine-tollers.de\/wp-content\/uploads\/2024\/07\/3-Deckrueden-240x300.jpg 240w\" sizes=\"auto, (max-width: 500px) 100vw, 500px\" \/><\/figure>\n\n\n\n<p class=\"has-text-align-center\">Taavi ist ein sensibler, sanfter R\u00fcde mit sehr viel &#8222;will to please&#8220;.<\/p>\n\n\n\n<p class=\"has-text-align-center\">Er hat seine Dummy A im Alter von 1,5 Jahren vorz\u00fcglich bestanden, was seine Arbeitsfreude zeigt!<\/p>\n\n\n\n<p class=\"has-text-align-center\">Die gemeinsame Arbeit mit seinem Frauchen macht beiden sehr viel Freude!<\/p>\n\n\n\n<p class=\"has-text-align-center\">Auch im normalen Leben ist er unkompliziert und sehr liebenswert!<\/p>\n\n\n\n<p class=\"has-text-align-center\">Im Oktober 2021 startet Taavi das erste Mal bei einem<strong> <\/strong>WT A und belegt einen vorz\u00fcglichen 3 Platz, im Juli 2022 besteht Taavi sehr gut seinen 2.WT A!<\/p>\n\n\n\n<p class=\"has-text-align-center\">Beim Team WT Biber Cup, Juli 2022,\u00a0hat er konstant ruhig und konzentriert den ganzen Tag aus der Line gearbeitet!<\/p>\n\n\n\n<p class=\"has-text-align-center\">Jetzt trifft man Taavi mit seinen Frauchen auf div. WT F!<\/p>\n\n\n\n<p class=\"has-text-align-center\">Im Oktober 2023 belegt er den 3. Platz beim WT F!<\/p>\n\n\n\n<figure class=\"wp-block-image aligncenter size-full\"><img loading=\"lazy\" decoding=\"async\" width=\"450\" height=\"562\" src=\"https:\/\/of-sunshine-tollers.de\/wp-content\/uploads\/2024\/07\/4-Deckrueden.jpg\" alt=\"\" class=\"wp-image-255\" srcset=\"https:\/\/of-sunshine-tollers.de\/wp-content\/uploads\/2024\/07\/4-Deckrueden.jpg 450w, https:\/\/of-sunshine-tollers.de\/wp-content\/uploads\/2024\/07\/4-Deckrueden-240x300.jpg 240w\" sizes=\"auto, (max-width: 450px) 100vw, 450px\" \/><\/figure>\n\n\n\n<p class=\"has-text-align-center\">Taavi steht ab sofort\u00a0geeigneten H\u00fcndinnen zum Decken zur Verf\u00fcgung!<\/p>\n\n\n\n<p class=\"has-text-align-center\">Anfragen bitte \u00fcber diese Hompage.<\/p>\n\n\n\n<p class=\"has-text-align-center\"><strong>Nachkommen:<\/strong><\/p>\n\n\n\n<p class=\"has-text-align-center\">Aus der Verpaarung mit <em>Wisaweg Ambra <\/em>wurden am 06.08.2023 zwei H\u00fcndinnen und vier R\u00fcden geboren.<\/p>\n\n\n\n<figure class=\"wp-block-image aligncenter size-large is-resized\"><img loading=\"lazy\" decoding=\"async\" width=\"1024\" height=\"686\" src=\"https:\/\/of-sunshine-tollers.de\/wp-content\/uploads\/2024\/07\/5-Deckrueden-1024x686.jpg\" alt=\"\" class=\"wp-image-256\" style=\"width:506px;height:auto\" srcset=\"https:\/\/of-sunshine-tollers.de\/wp-content\/uploads\/2024\/07\/5-Deckrueden-1024x686.jpg 1024w, https:\/\/of-sunshine-tollers.de\/wp-content\/uploads\/2024\/07\/5-Deckrueden-300x201.jpg 300w, https:\/\/of-sunshine-tollers.de\/wp-content\/uploads\/2024\/07\/5-Deckrueden-768x515.jpg 768w, https:\/\/of-sunshine-tollers.de\/wp-content\/uploads\/2024\/07\/5-Deckrueden.jpg 1146w\" sizes=\"auto, (max-width: 1024px) 100vw, 1024px\" \/><\/figure>\n\n\n\n<figure class=\"wp-block-image aligncenter size-full\"><img loading=\"lazy\" decoding=\"async\" width=\"400\" height=\"366\" src=\"https:\/\/of-sunshine-tollers.de\/wp-content\/uploads\/2024\/07\/6-Deckrueden.jpg\" alt=\"\" class=\"wp-image-257\" srcset=\"https:\/\/of-sunshine-tollers.de\/wp-content\/uploads\/2024\/07\/6-Deckrueden.jpg 400w, https:\/\/of-sunshine-tollers.de\/wp-content\/uploads\/2024\/07\/6-Deckrueden-300x275.jpg 300w\" sizes=\"auto, (max-width: 400px) 100vw, 400px\" \/><\/figure>\n\n\n\n<figure class=\"wp-block-image aligncenter size-full is-resized\"><img loading=\"lazy\" decoding=\"async\" width=\"800\" height=\"533\" src=\"https:\/\/of-sunshine-tollers.de\/wp-content\/uploads\/2024\/07\/7-Deckrueden.jpg\" alt=\"\" class=\"wp-image-258\" style=\"width:535px;height:auto\" srcset=\"https:\/\/of-sunshine-tollers.de\/wp-content\/uploads\/2024\/07\/7-Deckrueden.jpg 800w, https:\/\/of-sunshine-tollers.de\/wp-content\/uploads\/2024\/07\/7-Deckrueden-300x200.jpg 300w, https:\/\/of-sunshine-tollers.de\/wp-content\/uploads\/2024\/07\/7-Deckrueden-768x512.jpg 768w\" sizes=\"auto, (max-width: 800px) 100vw, 800px\" \/><\/figure>\n","protected":false},"excerpt":{"rendered":"<p>Fakten: Geburtstag: 01.04.2019 Zuchtbuchnummer: DRC-T 19-1506 Stammbaum: breed archive Gr\u00f6\u00dfe: 53 cm Gewicht: 20 kg H\u00fcfte: A2\/A2 Ellbogen: frei\/frei Augen: [&hellip;]<\/p>\n","protected":false},"author":1,"featured_media":0,"parent":82,"menu_order":0,"comment_status":"closed","ping_status":"closed","template":"","meta":{"site-sidebar-layout":"default","site-content-layout":"","ast-site-content-layout":"default","site-content-style":"default","site-sidebar-style":"default","ast-global-header-display":"","ast-banner-title-visibility":"","ast-main-header-display":"","ast-hfb-above-header-display":"","ast-hfb-below-header-display":"","ast-hfb-mobile-header-display":"","site-post-title":"","ast-breadcrumbs-content":"","ast-featured-img":"","footer-sml-layout":"","ast-disable-related-posts":"","theme-transparent-header-meta":"","adv-header-id-meta":"","stick-header-meta":"","header-above-stick-meta":"","header-main-stick-meta":"","header-below-stick-meta":"","astra-migrate-meta-layouts":"default","ast-page-background-enabled":"default","ast-page-background-meta":{"desktop":{"background-color":"var(--ast-global-color-4)","background-image":"","background-repeat":"repeat","background-position":"center center","background-size":"auto","background-attachment":"scroll","background-type":"","background-media":"","overlay-type":"","overlay-color":"","overlay-opacity":"","overlay-gradient":""},"tablet":{"background-color":"","background-image":"","background-repeat":"repeat","background-position":"center center","background-size":"auto","background-attachment":"scroll","background-type":"","background-media":"","overlay-type":"","overlay-color":"","overlay-opacity":"","overlay-gradient":""},"mobile":{"background-color":"","background-image":"","background-repeat":"repeat","background-position":"center center","background-size":"auto","background-attachment":"scroll","background-type":"","background-media":"","overlay-type":"","overlay-color":"","overlay-opacity":"","overlay-gradient":""}},"ast-content-background-meta":{"desktop":{"background-color":"var(--ast-global-color-5)","background-image":"","background-repeat":"repeat","background-position":"center center","background-size":"auto","background-attachment":"scroll","background-type":"","background-media":"","overlay-type":"","overlay-color":"","overlay-opacity":"","overlay-gradient":""},"tablet":{"background-color":"var(--ast-global-color-5)","background-image":"","background-repeat":"repeat","background-position":"center center","background-size":"auto","background-attachment":"scroll","background-type":"","background-media":"","overlay-type":"","overlay-color":"","overlay-opacity":"","overlay-gradient":""},"mobile":{"background-color":"var(--ast-global-color-5)","background-image":"","background-repeat":"repeat","background-position":"center center","background-size":"auto","background-attachment":"scroll","background-type":"","background-media":"","overlay-type":"","overlay-color":"","overlay-opacity":"","overlay-gradient":""}},"footnotes":""},"class_list":["post-252","page","type-page","status-publish","hentry"],"_links":{"self":[{"href":"https:\/\/of-sunshine-tollers.de\/index.php?rest_route=\/wp\/v2\/pages\/252","targetHints":{"allow":["GET"]}}],"collection":[{"href":"https:\/\/of-sunshine-tollers.de\/index.php?rest_route=\/wp\/v2\/pages"}],"about":[{"href":"https:\/\/of-sunshine-tollers.de\/index.php?rest_route=\/wp\/v2\/types\/page"}],"author":[{"embeddable":true,"href":"https:\/\/of-sunshine-tollers.de\/index.php?rest_route=\/wp\/v2\/users\/1"}],"replies":[{"embeddable":true,"href":"https:\/\/of-sunshine-tollers.de\/index.php?rest_route=%2Fwp%2Fv2%2Fcomments&post=252"}],"version-history":[{"count":8,"href":"https:\/\/of-sunshine-tollers.de\/index.php?rest_route=\/wp\/v2\/pages\/252\/revisions"}],"predecessor-version":[{"id":788,"href":"https:\/\/of-sunshine-tollers.de\/index.php?rest_route=\/wp\/v2\/pages\/252\/revisions\/788"}],"up":[{"embeddable":true,"href":"https:\/\/of-sunshine-tollers.de\/index.php?rest_route=\/wp\/v2\/pages\/82"}],"wp:attachment":[{"href":"https:\/\/of-sunshine-tollers.de\/index.php?rest_route=%2Fwp%2Fv2%2Fmedia&parent=252"}],"curies":[{"name":"wp","href":"https:\/\/api.w.org\/{rel}","templated":true}]}}